atest common divisor of q and t?
5
Suppose -6*p + 7*p - 35 = 0. Let f = p - 17. Calculate the highest common divisor of f and 126.
18
Suppose 0 = 6*m - 18. Suppose -2*u - 6 = 0, 5*u = -m*p + 160 - 40. What is the highest common divisor of 315 and p?
45
Suppose -5*z - 34 - 83 = i, -3*z - i - 71 = 0. Let m = z - -32. Let g be m/(81/12)*3. What is the highest common factor of g and 10?
2
Let l(m) = -m**3 + m**2 - m - 2. Let s be l(0). Let v be 2 - (s + 2 + 0). Calculate the highest common factor of v and 3.
1
Let n = 39 + -23. Let d(o) = o**2 + 6*o - 15. Let q be d(5). Calculate the highest common divisor of n and q.
8
Let p = 19 + -12. Suppose -p = -l + 11. Calculate the greatest common divisor of 6 and l.
6
Let y = 19 + -16. Suppose -k + q + 4 - 6 = 0, -q - 2 = -3*k. What is the highest common divisor of y and k?
1
Suppose -3*i - 170 = -5. Let n = i - -215. What is the highest common factor of n and 32?
32
Let z = 3452 + -3335. Suppose 4*y = 89 + 15. What is the greatest common divisor of z and y?
13
Let z be 0 - (47/(-1) - 2). Let q be (-28)/15 + 2 - 65/(-75). Suppose -2*t = -15 + q. Calculate the highest common factor of t and z.
7
Suppose 3*f + 4*i + 1224 = 7*f, 3*i = -4*f + 1210. Calculate the highest common factor of f and 380.
76
Let b be 5/(-70)*-4*14. Suppose 27*s - 3*m = 22*s + 643, -2*s + 260 = -4*m. What is the highest common factor of b and s?
4
Let r be 2*8 + (-20)/(-10). Let a be (-26)/(-12) + (-3)/r. Suppose -a*m = -0*m - 30. Calculate the greatest common divisor of 15 and m.
15
Let l = -559 - -574. Suppose 0 = -4*f - s + 38, f + 3*s - 7 = -3. Calculate the highest common factor of f and l.
5
Let s be -5 + 1 + 1 - -43. Let z = 46 - s. Calculate the highest common factor of z and 66.
6
Suppose 0 = 3*n + 3*y + 2*y - 625, 2*y + 8 = 0. Let d = n + -115. What is the highest common divisor of 20 and d?
20
Let i(w) = 3*w**2 + 69*w + 30. Let v be i(-26). What is the highest common divisor of v and 24?
24
Suppose 4*b - 92 = 300. Suppose 7*x = -72 + 415. Calculate the greatest common divisor of b and x.
49
Let w = 7 + 23. What is the greatest common divisor of 12 and w?
6
Let b = -30 - -30. Suppose -j = 4*r - 34, -3*r + 3 + 3 = b. Calculate the highest common factor of j and 65.
13
Let o be ((-6)/5)/((-36)/1890). What is the highest common factor of 28 and o?
7
Let w be 9*161/21 - 6. Suppose a - u - 17 = 0, a + a - 4*u - 32 = 0. Calculate the greatest common divisor of w and a.
9
Suppose x + 301 = 44*x. What is the highest common divisor of x and 4?
1
Let w = 429 - 282. Let j be (1 - 352) + (5 - 2). Let s be j/(-16) + 6/(-8). What is the highest common divisor of w and s?
21
Let y(a) = -2*a - 12. Let s be y(-12). Let d be 26 + s/((-6)/2). Suppose 66 + 99 = 5*v. Calculate the greatest common divisor of d and v.
11
Let a = 531 + -508. What is the greatest common factor of a and 46?
23
Let v(a) = -a**2 - a + 4. Let f be v(0). Let m = 67 - -20. Suppose 0 = 2*g - m + 23. What is the greatest common divisor of g and f?
4
Let j(q) = 6*q**2 + 3*q - 17. Let c be j(-3). What is the highest common factor of 378 and c?
14
Let g be ((-10)/(-15))/(9/54). What is the greatest common divisor of 204 and g?
4
Let i be 3/((75/10)/(-5)). Let m = i - -36. What is the greatest common factor of m and 34?
34
Suppose 8 = 5*z - 2. Suppose z*l + k + k - 54 = 0, -2*l - k = -54. Calculate the greatest common divisor of l and 54.
27
Suppose -204 - 316 = -8*m. What is the greatest common divisor of m and 195?
65
Suppose 170 = -5*c + 3800. What is the highest common divisor of 66 and c?
66
Let q be (-2)/11 - 1/((-22)/136). Let d(k) = k**2 + 2*k + 3. Let p be d(-3). What is the greatest common divisor of q and p?
6
Let h = 28 - 28. Suppose -5*p - r + 108 = h, -4*p - 2*r = -46 - 38. What is the highest common factor of p and 22?
22
Let c(j) = -8*j**2 - j - 2. Let w be c(2). Let m = -32 - w. What is the highest common factor of 68 and m?
4
Suppose -3*k = -15, -k + 2*k = -4*s + 29. Suppose -4*x = s + 110. Let d = 68 + x. What is the greatest common divisor of 13 and d?
13
Let b be (-726)/9 + (-4)/(-6). Let j = b - -108. Calculate the greatest common divisor of j and 21.
7
Let z = 559 + -534. What is the greatest common factor of z and 675?
25
Suppose -2*n + 68 = -34. Suppose -4*f + 52 = s, s - 19 = 2*f - n. Let m be 4/((1 - 3)/(-14)). What is the greatest common divisor of m and f?
14
Suppose 21 + 67 = 4*z. Suppose -432 = -52*q + 712. Calculate the greatest common factor of q and z.
22
Let d(s) = 3*s - 3. Let i be d(4). Suppose 4*r + 150 + 258 = 4*f, -2*f + 5*r + 213 = 0. Calculate the greatest common factor of i and f.
9
Suppose 5052 = 2*t - 0*t. Let q be t/14 + (-3)/7. Calculate the highest common factor of q and 20.
20
Suppose -2*g + 4*f + 33 = f, 2*f - 26 = -4*g. Suppose -4*v + 274 = 3*b, 54 = -2*v + 56. Calculate the greatest common divisor of g and b.
9
Let m = 19 - 10. Let u be (-6)/(-27)*159 + (-3)/m. Calculate the greatest common divisor of u and 7.
7
Let v(p) = 6*p + 2. Let u be v(-5). Let k be 2*(-3)/6 - u. Let c be (9/(-4))/(-2*(-3)/(-288)). What is the highest common divisor of k and c?
27
Suppose 503 = 5*d + 2*o, 332 + 52 = 4*d - 3*o. What is the highest common divisor of d and 88?
11
Let q(s) = s**3 + s**2 - 5*s + 3. Let d be q(5). Suppose 2*i + d = 6*i. Calculate the greatest common factor of i and 24.
8
Suppose 44*q - 48*q + 4 = 0. Let h be q + (-6 - -2) + 6. What is the greatest common factor of 21 and h?
3
Suppose 16*h - 18*h + 854 = 0. What is the greatest common divisor of h and 61?
61
Suppose h - 4*x = 169 + 168, 2*h = 2*x + 656. Calculate the greatest common factor of 125 and h.
25
Let x be 60 - -160 - 1*-4. What is the highest common factor of 28 and x?
28
Suppose 5*r - 5 = -0*x + 5*x, 3*r - 7 = 2*x. Let h(v) = 14*v - 5. Let z be h(5). Let t = z - 45. What is the greatest common factor of r and t?
5
Suppose 88 = 8*v - 16. Calculate the highest common factor of 923 and v.
13
Let u(d) = 9*d + 47. Let l be u(-11). Let n = l - -118. Let y be 8/(-20) - (-64)/10. Calculate the highest common factor of n and y.
6
Suppose 0 = -0*q - 5*q + 115. Let g = q - 12. Suppose -3*i - 4*p + 7 = -22, 0 = -5*i - 4*p + 51. Calculate the greatest common factor of i and g.
11
Suppose 13*c = -31*c + 1364. Calculate the greatest common factor of 279 and c.
31
Let i(g) = -g + 4. Let o be i(9). Let q be 1/o + (-12)/(-10). What is the greatest common divisor of q and 5?
1
Suppose 23*b = 11*b + 24. Suppose 0 = -b*m + 2, -m + 6 = c - 4*m. What is the highest common factor of 9 and c?
9
Let w = 11 - -6. Let m be (-3 - -156)*(5 + -4). Calculate the highest common factor of w and m.
17
Suppose 0 = 2*m - 6*m + 112. Suppose 6*x + 422 = -100. Let q = x + 129. Calculate the greatest common divisor of m and q.
14
Suppose -2*d + 2*q = -16, q + 2*q + 21 = 2*d. Calculate the greatest common factor of 129 and d.
3
Let t(y) = -y**2 + 3*y - 13. Let x be t(11). Let j = x + 104. Calculate the highest common divisor of 15 and j.
3
Let l = -701 + 764. Suppose 7 = -2*a + 5*g, 2*a = -2*g + 5*g + 3. What is the highest common divisor of a and l?
9
Let m = 24 + -31. Let w be (-86)/(-1) - (m + 6 + 3). Calculate the greatest common factor of 14 and w.
14
Suppose -78 = -4*v + 42. Let f(l) = -6*l + 12. Let h be f(0). Calculate the greatest common factor of h and v.
6
Let v = -101 - -185. Let l = -73 + v. Calculate the highest common divisor of l and 55.
11
Let b = 25 + -15. Let g = b - 1. Let z = 162 - 117. What is the highest common divisor of z and g?
9
Let f = -5517 - -7866. Calculate the greatest common factor of f and 81.
81
Let y = 16 - 10. Let i(u) = -u**3 + 9*u**2 - 4*u - 7. Let n be i(y). What is the greatest common factor of 11 and n?
11
Let c be 17*14*(-132)/(-264). What is the greatest common factor of c and 7?
7
Let f = 516 - 432. Calculate the highest common divisor of f and 8.
4
Let j be (-2)/(-8) + (-2523)/(-4). Let w = 961 - j. Calculate the greatest common factor of w and 30.
30
Let a(x) = -x**2 + 15*x - 43. Let d be a(8). What is the greatest common divisor of d and 351?
13
Let w(y) = y**3 + 8*y**2 + 6*y - 9. Let s be w(-8). Let k = -37 - s. Suppose 4*h - 206 = -6. What is the highest common factor of k and h?
10
Let t = 27 - -4. Suppose -2*u + 2*g = -7*u, 3*u = 5*g + t. Let i be (-2